what is -20 + -102212?
-102232
In base 8, what is 56 + 0?
56
In base 12, what is 9 + -3?
6
In base 2, what is -11 - -100111?
100100
In base 2, what is 1011110111 + -100?
1011110011
In base 12, what is 4 - 304?
-300
In base 11, what is 5 + 270?
275
In base 13, what is -3 + -22?
-25
In base 13, what is 154 + -4?
150
In base 7, what is 12563 + 3?
12566
In base 6, what is -4 + 140?
132
In base 3, what is 11112011 - 1?
11112010
In base 5, what is -10 - -22211?
22201
In base 12, what is 4 - 23a?
-236
In base 6, what is 3 - 114?
-111
In base 12, what is -9 - -612?
605
In base 3, what is 10 - 1020102?
-1020022
In base 2, what is -100 - -1001?
101
In base 8, what is -4 - 570?
-574
In base 5, what is -2 - -13?
11
In base 4, what is 2 - 3131?
-3123
In base 13, what is 36 + -76?
-40
In base 6, what is -1 + 25?
24
In base 11, what is -a03 + 15?
-999
In base 6, what is -320204 - -3?
-320201
In base 3, what is -12000 - 2?
-12002
In base 4, what is 10012 - -10?
10022
In base 3, what is 11 + -102110?
-102022
In base 4, what is 1 - -13?
20
In base 5, what is -2 + 20?
13
In base 7, what is -543 + -4?
-550
In base 12, what is -5 + -4a2?
-4a7
In base 4, what is 21 + 33?
120
In base 7, what is -2 - -406?
404
In base 4, what is 200 + -2?
132
In base 3, what is 101 + 11212?
12020
In base 3, what is -1 - -2011021?
2011020
In base 6, what is 230 + 421?
1051
In base 12, what is -2 - 402?
-404
In base 5, what is 1420 - 100?
1320
In base 3, what is -2 + -10200120?
-10200122
In base 7, what is 3 + 30?
33
In base 15, what is -5 + 4?
-1
In base 5, what is 11 - 11?
0
In base 9, what is 2 + 1325?
1327
In base 10, what is 5 + -64?
-59
In base 10, what is 2 + -5290?
-5288
In base 4, what is -310131 - 1?
-310132
In base 10, what is -131 + 5?
-126
In base 11, what is -2 - -11a?
118
In base 2, what is -111000 - 0?
-111000
In base 12, what is -a - -59?
4b
In base 2, what is 11 - -11101001?
11101100
In base 7, what is -14 + -1163?
-1210
In base 16, what is -3 - 57?
-5a
In base 7, what is -4 + -144?
-151
In base 13, what is -5 - -54?
4c
In base 6, what is -241 + -3?
-244
In base 8, what is 170 - -45?
235
In base 3, what is 11112 + -10?
11102
In base 14, what is -1 - -1c2?
1c1
In base 13, what is -9 - -5?
-4
In base 2, what is -10110001100 + -100?
-10110010000
In base 9, what is 38 + 85?
134
In base 9, what is -4 - 2370?
-2374
In base 10, what is 9 + 907?
916
In base 16, what is -e27 - -7?
-e20
In base 9, what is -83 - 8?
-102
In base 12, what is 88 + -4?
84
In base 6, what is -3 + -1221?
-1224
In base 7, what is 24 + -61?
-34
In base 14, what is c8a - 5?
c85
In base 13, what is a - 18?
-b
In base 7, what is -3 - -3363?
3360
In base 7, what is 413 + -4?
406
In base 11, what is 30 - 61?
-31
In base 16, what is -ad + -11?
-be
In base 14, what is 1 - 487?
-486
In base 8, what is 124 - -23?
147
In base 6, what is 5 - 1251?
-1242
In base 15, what is -12 - 340?
-352
In base 16, what is 28a + 2?
28c
In base 5, what is 242430 - 3?
242422
In base 3, what is 11 - -20?
101
In base 13, what is -8 + -4?
-c
In base 2, what is 1000100110100101 + -10?
1000100110100011
In base 6, what is -2223 + 0?
-2223
In base 5, what is 2221 + -3?
2213
In base 14, what is -5 + -2?
-7
In base 4, what is 1310121 - -3?
1310130
In base 2, what is 110110 - 11010?
11100
In base 2, what is 0 + 10001110?
10001110
In base 9, what is 5 + -3?
2
In base 9, what is 0 - -832?
832
In base 13, what is -3 + -156b?
-1571
In base 2, what is -10111000011 + 110?
-10110111101
In base 14, what is -5 - -b66?
b61
In base 8, what is 4 - -272?
276
In base 10, what is 3 + -58?
-55
In base 15, what is 11a8 + -2?
11a6
In base 3, what is 21100 + 12?
21112
In base 11, what is 0 - -33?
33
In base 3, what is 20 + 12?
102
In base 16, what is 4 - 35?
-31
In base 7, what is -2653 + -22?
-3005
In base 3, what is -102221 + -112?
-110110
In base 8, what is -45 - -256?
211
In base 3, what is -10021 - -222?
-2022
In base 15, what is -2c + 1?
-2b
In base 2, what is 101111100 - 101?
101110111
In base 11, what is 2a2 - -4?
2a6
In base 13, what is 14 + 2?
16
In base 3, what is -20 - 1011?
-1101
In base 12, what is -4 + 255?
251
In base 2, what is -100 - -100100?
100000
In base 6, what is -14550 - -5?
-14541
In base 3, what is 0 - 1111?
-1111
In base 2, what is -1000010001 + -10110?
-1000100111
In base 2, what is -11010011 + -110001?
-100000100
In base 6, what is 123 + 2?
125
In base 2, what is -11101 - 11000?
-110101
In base 4, what is 21 + 3132?
3213
In base 13, what is 2 - b52?
-b50
In base 6, what is -133 + -335?
-512
In base 15, what is c13 - -2?
c15
In base 10, what is 30 + -2?
28
In base 12, what is 1577 - 2?
1575
In base 5, what is -1104 + 3?
-1101
In base 2, what is 10 + 1100?
1110
In base 5, what is -33 - 402?
-440
In base 16, what is 64 + 24?
88
In base 7, what is 65 + 2?
100
In base 5, what is -131 + -1020?
-1201
In base 4, what is -3 + 2013?
2010
In base 12, what is -2a4 - 0?
-2a4
In base 7, what is 1 + -32?
-31
In base 13, what is -2 + -7b?
-80
In base 2, what is 111010 + -10101?
100101
In base 3, what is -11 - 201121?
-201202
In base 11, what is 5 - 242?
-238
In base 14, what is 1 - b5c?
-b5b
In base 16, what is 2c + -b?
21
In base 5, what is 4 + -244?
-240
In base 7, what is 13 - 11?
2
In base 12, what is 0 + 1670?
1670
In base 14, what is -1 - -2?
1
In base 5, what is -10 + -1214?
-1224
In base 10, what is 238 - -37?
275
In base 9, what is -733 + -3?
-736
In base 7, what is -205061 + -1?
-205062
In base 7, what is -3 + 6350?
6344
In base 6, what is 113 + -3?
110
In base 9, what is -1 - -288?
287
In base 3, what is -1101011 - 2?
-1101020
In base 11, what is 1 - 2795?
-2794
In base 2, what is -1011 + 100100110101?
100100101010
In base 4, what is -102020 - 1?
-102021
In base 10, what is -13 + 104?
91
In base 13, what is -a - 9b0?
-9ba
In base 14, what is -2da - 6?
-302
In base 16, what is -d - 315?
-322
In base 5, what is 0 - 430?
-430
In base 13, what is -3401 - 0?
-3401
In base 15, what is 5 - -b?
11
In base 4, what is 1 + -1011?
-1010
In base 12, what is -75 - 3?
-78
In base 15, what is 373 - -5?
378
In base 8, what is 265 - 0?
265
In base 14, what is 8 - -88d?
897
In base 15, what is 0 - -277?
277
In base 7, what is -12 + 2?
-10
In base 5, what is -10 + 3?
-2
In base 12, what is 152 - -7?
159
In base 15, what is -7 - -17?
10
In base 5, what is -1224 - 4?
-1233
In base 11, what is -429 + 2?
-427
In base 15, what is -65b - -2?
-659
In base 3, what is 211211020 + 10?
211211100
In base 10, what is 3 - -21?
24
In base 7, what is -10 + 0?
-10
In base 10, what is 1203 + 1?
1204
In base 13, what is 6 + 2a?
33
In base 6, what is 52 + -211?
-115
In base 8, what is -4 - -53?
47
In base 4, what is 111 + 3?
120
In base 4, what is 112102 + 3?
112111
In base 13, what is -3 + 10?
a
In base 8, what is -2 + 5351?
5347
In base 4, what is -103 + -22?
-131
In base 15, what is -b + -129?
-135
In base 11, what is -3 - -362?
35a
In base 5, what is 14 + -41?
-22
In base 3, what is 2 - 222110?
-222101
In base 10, what is 3 - -61?
64
In base 2, what is -1010101 - 110?
-1011011
In base 2, what is -100 + 101011100?
101011000
In base 8, what is -5 - -66?
61
In base 7, what is -1416 + 1?
-1415
In base 12, what is -2a + -a?
-38
In base 13, what is 2 + -679?
-677
In base 4, what is -300 - -103?
-131
In base 14, what is -25 + 2?
-23
In base 14, what is 438 - 8?
430
In base 15, what is -4464 - -2?
-4462
In base 16, what is -1b4 + 7?
-1ad
In base 15, what is 2a9c - -3?
2aa0
In base 10, what is 10 + 14?
24
In base 3, what is -11 + -102?
-120
In base 14, what is -152 - 2?
-154
In base 5, what is -4 + 4242?
4233
In base 9, what is 8 - -23?
32
In base 2, what is 11 - 101000011001?
-101000010110
In base 9, what is -518 - 8?
-527
In base 12, what is b - 47?
-38
In base 6, what is 43 - -2?
45
In base 3, what is 12 + -1210000?
-1202211
In base 2, what is 101011 - 10101?
10110
In base 10, what is 239 + 3?
242
In base 9, what is 1406 + 4?
1411
In base 10, what is -1147 + -4?
-1151
In base 7, what is -2403 - -2?
-2401
In base 11, what is 13 + 28?
40
In base 16, what is -105 + -5?
-10a
In base 10, what is -11 + -61?
-72
In base 9, what is 27 + 32?
60
In base 14, what is 472 - 1?
471
In base 11, what is 0 - -47?
47
In base 5, what is 12 + 1324?
1341
In base 16, what is -a + 2e?
24
In bas